{"id":398,"date":"2022-05-27T22:53:07","date_gmt":"2022-05-27T20:53:07","guid":{"rendered":"https:\/\/rozoformations.fr\/?page_id=398"},"modified":"2022-06-10T19:39:13","modified_gmt":"2022-06-10T17:39:13","slug":"mentions-legales","status":"publish","type":"page","link":"https:\/\/rozoformations.fr\/index.php\/mentions-legales\/","title":{"rendered":"Mentions L\u00e9gales"},"content":{"rendered":"\n<p>RoZo FORMATIONS est une SAS au capital de 100 \u20ac.&nbsp;<\/p>\n\n\n\n<p>\u2022 Siret 89897693100011\u00a0 RCS Grenoble\u00a0<br>\u2022 D\u00e9claration d&rsquo;activit\u00e9 enregistr\u00e9e sous le num\u00e9ro 84380824838 aupr\u00e8s du pr\u00e9fet de r\u00e9gion Auvergne-Rh\u00f4ne-Alpes<br>\u2022 Si\u00e8ge social : 24 rue St Antoine 38520 Le Bourg d&rsquo;Oisans<br>\u2022 Responsable l\u00e9gale : Julie THOUVENIN<br>\u2022 T\u00e9l. : +33 (0)624342787<br>\u2022\u00a0\u00a0<a href=\"http:\/\/www.rozoformations.fr\">www.rozoformations.fr<\/a><br>\u2022 contact@rozoformations.fr<\/p>\n\n\n\n<p>Nous nous engageons \u00e0 prot\u00e9ger votre vie priv\u00e9e et \u00e0 ne pas divulguer \u00e0 des tiers les informations que vous nous transmettez par l&rsquo;interm\u00e9diaire de notre site Internet. Celles-ci sont confidentielles.\u00a0<br>Ces donn\u00e9es personnelles ne sont utilis\u00e9es que dans le but de vous transmettre diff\u00e9rentes informations li\u00e9es aux formations et activit\u00e9s de RoZo Formations.<\/p>\n\n\n\n<p>Conform\u00e9ment \u00e0 la loi Informatique et Libert\u00e9s du 6 janvier 1978, vous disposez d&rsquo;un droit d&rsquo;acc\u00e8s et de rectification aux informations vous concernant. N&rsquo;h\u00e9sitez pas \u00e0 nous contacter.<\/p>\n\n\n\n<ul class=\"wp-block-list\"><li><a style=\"background-color: rgb(255, 255, 255); font-family: -apple-system, BlinkMacSystemFont, &quot;Segoe UI&quot;, Roboto, Oxygen-Sans, Ubuntu, Cantarell, &quot;Helvetica Neue&quot;, sans-serif; letter-spacing: 0px;\" href=\"https:\/\/rozoformations.fr\/index.php\/politique-de-cookies-ue\/\">Politique de cookies (UE)<\/a><\/li><\/ul>\n","protected":false},"excerpt":{"rendered":"<p>RoZo FORMATIONS est une SAS au capital de 100 \u20ac.&nbsp; \u2022 Siret 89897693100011\u00a0 RCS Grenoble\u00a0\u2022 D\u00e9claration d&rsquo;activit\u00e9 enregistr\u00e9e sous le num\u00e9ro 84380824838 aupr\u00e8s du pr\u00e9fet de r\u00e9gion Auvergne-Rh\u00f4ne-Alpes\u2022 Si\u00e8ge social : 24 rue St Antoine 38520 Le Bourg d&rsquo;Oisans\u2022 Responsable l\u00e9gale : Julie THOUVENIN\u2022 T\u00e9l. : +33 (0)624342787\u2022\u00a0\u00a0www.rozoformations.fr\u2022 contact@rozoformations.fr Nous nous engageons \u00e0 prot\u00e9ger votre &hellip;<\/p>\n","protected":false},"author":2,"featured_media":0,"parent":0,"menu_order":0,"comment_status":"closed","ping_status":"closed","template":"","meta":{"footnotes":""},"class_list":["post-398","page","type-page","status-publish","hentry"],"jetpack_sharing_enabled":true,"_links":{"self":[{"href":"https:\/\/rozoformations.fr\/index.php\/wp-json\/wp\/v2\/pages\/398","targetHints":{"allow":["GET"]}}],"collection":[{"href":"https:\/\/rozoformations.fr\/index.php\/wp-json\/wp\/v2\/pages"}],"about":[{"href":"https:\/\/rozoformations.fr\/index.php\/wp-json\/wp\/v2\/types\/page"}],"author":[{"embeddable":true,"href":"https:\/\/rozoformations.fr\/index.php\/wp-json\/wp\/v2\/users\/2"}],"replies":[{"embeddable":true,"href":"https:\/\/rozoformations.fr\/index.php\/wp-json\/wp\/v2\/comments?post=398"}],"version-history":[{"count":4,"href":"https:\/\/rozoformations.fr\/index.php\/wp-json\/wp\/v2\/pages\/398\/revisions"}],"predecessor-version":[{"id":562,"href":"https:\/\/rozoformations.fr\/index.php\/wp-json\/wp\/v2\/pages\/398\/revisions\/562"}],"wp:attachment":[{"href":"https:\/\/rozoformations.fr\/index.php\/wp-json\/wp\/v2\/media?parent=398"}],"curies":[{"name":"wp","href":"https:\/\/api.w.org\/{rel}","templated":true}]}}