{"id":295,"date":"2022-05-26T19:19:19","date_gmt":"2022-05-26T17:19:19","guid":{"rendered":"https:\/\/rozoformations.fr\/?page_id=295"},"modified":"2026-04-15T21:34:44","modified_gmt":"2026-04-15T19:34:44","slug":"accueil","status":"publish","type":"page","link":"https:\/\/rozoformations.fr\/","title":{"rendered":"News"},"content":{"rendered":"\n<h2 class=\"wp-block-heading has-text-align-center\" style=\"font-style:normal;font-weight:700;text-transform:uppercase\">UN PAS DE PLUS VERS L&rsquo;EXPERTISE<\/h2>\n\n\n\n<p>Bienvenue chez RoZo Formations ! Nous organisons des formations pour aider les professionnels de  sant\u00e9 \u00e0 acqu\u00e9rir de nouvelles comp\u00e9tences et \u00e0 rester \u00e0 jour avec les derni\u00e8res avanc\u00e9es dans leur domaine. Leurs contenus valid\u00e9s par la science vont vous permettre de devenir encore plus expert dans votre pratique de soins.  Les formations de RoZo sont con\u00e7ues pour \u00eatre pratiques, interactives et efficaces, offrant aux soignants les connaissances et les outils dont ils ont besoin pour exceller dans leur travail.<\/p>\n\n\n\n<div class=\"wp-block-columns is-layout-flex wp-container-core-columns-is-layout-9d6595d7 wp-block-columns-is-layout-flex\">\n<div class=\"wp-block-column is-layout-flow wp-block-column-is-layout-flow\">\n<div class=\"wp-block-buttons alignfull is-content-justification-center is-layout-flex wp-container-core-buttons-is-layout-d9cd0f1e wp-block-buttons-is-layout-flex\">\n<div class=\"wp-block-button\"><a class=\"wp-block-button__link wp-element-button\" href=\"https:\/\/rozoformations.fr\/index.php\/inscription-a-la-newletter\/\">Recevoir la newletter, pour ne rater aucune info !<\/a><\/div>\n<\/div>\n<\/div>\n<\/div>\n\n\n\n<hr class=\"wp-block-separator has-alpha-channel-opacity\"\/>\n\n\n\n<h2 class=\"wp-block-heading has-text-align-center has-text-color has-background\" style=\"color:#52bbb5;background-color:#706f6f\">Prochaines formations<\/h2>\n\n\n\n<p class=\"has-text-align-center\"><\/p>\n\n\n\n<div class=\"wp-block-columns is-layout-flex wp-container-core-columns-is-layout-9d6595d7 wp-block-columns-is-layout-flex\">\n<div class=\"wp-block-column is-layout-flow wp-block-column-is-layout-flow\" style=\"flex-basis:33.33%\"><div class=\"wp-block-image is-style-default\">\n<figure class=\"aligncenter size-full\"><img loading=\"lazy\" decoding=\"async\" width=\"1090\" height=\"1212\" src=\"https:\/\/rozoformations.fr\/wp-content\/uploads\/2026\/04\/Capture-decran-2026-04-15-a-10.28.15.png\" alt=\"\" class=\"wp-image-1340\" srcset=\"https:\/\/rozoformations.fr\/wp-content\/uploads\/2026\/04\/Capture-decran-2026-04-15-a-10.28.15.png 1090w, https:\/\/rozoformations.fr\/wp-content\/uploads\/2026\/04\/Capture-decran-2026-04-15-a-10.28.15-270x300.png 270w, https:\/\/rozoformations.fr\/wp-content\/uploads\/2026\/04\/Capture-decran-2026-04-15-a-10.28.15-921x1024.png 921w, https:\/\/rozoformations.fr\/wp-content\/uploads\/2026\/04\/Capture-decran-2026-04-15-a-10.28.15-768x854.png 768w, https:\/\/rozoformations.fr\/wp-content\/uploads\/2026\/04\/Capture-decran-2026-04-15-a-10.28.15-600x667.png 600w\" sizes=\"auto, (max-width: 1090px) 100vw, 1090px\" \/><\/figure>\n<\/div><\/div>\n\n\n\n<div class=\"wp-block-column is-vertically-aligned-top is-layout-flow wp-block-column-is-layout-flow\" style=\"flex-basis:66.66%\">\n<div class=\"wp-block-columns is-layout-flex wp-container-core-columns-is-layout-9d6595d7 wp-block-columns-is-layout-flex\">\n<div class=\"wp-block-column is-layout-flow wp-block-column-is-layout-flow\" style=\"flex-basis:100%\">\n<p class=\"has-text-align-center\"><strong>Le membre sup\u00e9rieur en escalade<\/strong><\/p>\n\n\n\n<div class=\"wp-block-columns is-layout-flex wp-container-core-columns-is-layout-9d6595d7 wp-block-columns-is-layout-flex\">\n<div class=\"wp-block-column is-layout-flow wp-block-column-is-layout-flow\" style=\"flex-basis:66.66%\">\n<p>2-3 octobre 2026 \u00e0 Grenoble<\/p>\n\n\n\n<p><a href=\"https:\/\/rozoformations.fr\/wp-content\/uploads\/2026\/03\/Formation-grimpeur-PROGRAMME-.pdf\"><strong>Programme<\/strong><\/a> (mis \u00e0 jour en mars 2026)<\/p>\n\n\n\n<p> <strong><mark style=\"background-color:rgba(0, 0, 0, 0)\" class=\"has-inline-color has-luminous-vivid-amber-color\">Prise en charge FIF-PL<\/mark><\/strong><\/p>\n<\/div>\n<\/div>\n<\/div>\n<\/div>\n\n\n\n<p><strong><a href=\"https:\/\/rozoformations.fr\/index.php\/cv-marie-akrich\/\" data-type=\"page\" data-id=\"1314\">Marie Akrich<\/a><\/strong><\/p>\n\n\n\n<div class=\"wp-block-buttons is-content-justification-center is-layout-flex wp-container-core-buttons-is-layout-16018d1d wp-block-buttons-is-layout-flex\">\n<div class=\"wp-block-button\"><a class=\"wp-block-button__link wp-element-button\" href=\"https:\/\/rozoformations.fr\/index.php\/produit\/le-membre-superieur-en-escalade\/\">Je m&rsquo;inscris<\/a><\/div>\n<\/div>\n<\/div>\n<\/div>\n\n\n\n<hr class=\"wp-block-separator has-alpha-channel-opacity is-style-default\"\/>\n\n\n\n<div class=\"wp-block-columns is-layout-flex wp-container-core-columns-is-layout-9d6595d7 wp-block-columns-is-layout-flex\">\n<div class=\"wp-block-column is-layout-flow wp-block-column-is-layout-flow\" style=\"flex-basis:33.33%\"><div class=\"wp-block-image is-style-default\">\n<figure class=\"aligncenter size-full\"><img loading=\"lazy\" decoding=\"async\" width=\"1294\" height=\"882\" src=\"https:\/\/rozoformations.fr\/wp-content\/uploads\/2025\/11\/Capture-decran-2025-11-27-a-09.24.04.png\" alt=\"\" class=\"wp-image-1279\" srcset=\"https:\/\/rozoformations.fr\/wp-content\/uploads\/2025\/11\/Capture-decran-2025-11-27-a-09.24.04.png 1294w, https:\/\/rozoformations.fr\/wp-content\/uploads\/2025\/11\/Capture-decran-2025-11-27-a-09.24.04-300x204.png 300w, https:\/\/rozoformations.fr\/wp-content\/uploads\/2025\/11\/Capture-decran-2025-11-27-a-09.24.04-1024x698.png 1024w, https:\/\/rozoformations.fr\/wp-content\/uploads\/2025\/11\/Capture-decran-2025-11-27-a-09.24.04-768x523.png 768w, https:\/\/rozoformations.fr\/wp-content\/uploads\/2025\/11\/Capture-decran-2025-11-27-a-09.24.04-600x409.png 600w\" sizes=\"auto, (max-width: 1294px) 100vw, 1294px\" \/><\/figure>\n<\/div><\/div>\n\n\n\n<div class=\"wp-block-column is-vertically-aligned-top is-layout-flow wp-block-column-is-layout-flow\" style=\"flex-basis:66.66%\">\n<div class=\"wp-block-columns is-layout-flex wp-container-core-columns-is-layout-9d6595d7 wp-block-columns-is-layout-flex\">\n<div class=\"wp-block-column is-layout-flow wp-block-column-is-layout-flow\" style=\"flex-basis:100%\">\n<p class=\"has-text-align-center\"><strong>Raisonnement clinique, autonomisation et r\u00e9\u00e9ducation de la main, de l\u2019enfant \u00e0 l\u2019adulte<\/strong><\/p>\n\n\n\n<div class=\"wp-block-columns is-layout-flex wp-container-core-columns-is-layout-9d6595d7 wp-block-columns-is-layout-flex\">\n<div class=\"wp-block-column is-layout-flow wp-block-column-is-layout-flow\" style=\"flex-basis:66.66%\">\n<p>5-6 juin 2026 \u00e0 Grenoble<\/p>\n\n\n\n<p><a href=\"https:\/\/rozoformations.fr\/wp-content\/uploads\/2025\/11\/programme-Jean-.pdf\" data-type=\"link\" data-id=\"https:\/\/rozoformations.fr\/wp-content\/uploads\/2025\/11\/programme-Jean-.pdf\">Programme (mis \u00e0 jour en nov 2025)<\/a><\/p>\n\n\n\n<p> <strong><mark style=\"background-color:rgba(0, 0, 0, 0)\" class=\"has-inline-color has-luminous-vivid-amber-color\">Prise en charge FIF-PL<\/mark><\/strong><\/p>\n<\/div>\n<\/div>\n<\/div>\n<\/div>\n\n\n\n<p><strong><a href=\"https:\/\/rozoformations.fr\/wp-content\/uploads\/2025\/04\/CV-Jean-LICHTLE.pdf\">Jean Lichtle<\/a><\/strong><\/p>\n\n\n\n<div class=\"wp-block-buttons is-content-justification-center is-layout-flex wp-container-core-buttons-is-layout-16018d1d wp-block-buttons-is-layout-flex\">\n<div class=\"wp-block-button\"><a class=\"wp-block-button__link wp-element-button\" href=\"https:\/\/rozoformations.fr\/index.php\/produit\/raisonnement-clinique-autonomisation-et-reeducation-de-la-main-de-lenfant-a-ladulte\/\">Je m&rsquo;inscris<\/a><\/div>\n<\/div>\n<\/div>\n<\/div>\n\n\n\n<hr class=\"wp-block-separator has-alpha-channel-opacity is-style-default\"\/>\n\n\n\n<div class=\"wp-block-columns is-layout-flex wp-container-core-columns-is-layout-9d6595d7 wp-block-columns-is-layout-flex\">\n<div class=\"wp-block-column is-layout-flow wp-block-column-is-layout-flow\" style=\"flex-basis:33.33%\"><div class=\"wp-block-image is-style-default\">\n<figure class=\"aligncenter size-full\"><img loading=\"lazy\" decoding=\"async\" width=\"1038\" height=\"800\" src=\"https:\/\/rozoformations.fr\/wp-content\/uploads\/2025\/05\/Capture-decran-2025-05-11-a-13.57.18-1.png\" alt=\"\" class=\"wp-image-1193\" srcset=\"https:\/\/rozoformations.fr\/wp-content\/uploads\/2025\/05\/Capture-decran-2025-05-11-a-13.57.18-1.png 1038w, https:\/\/rozoformations.fr\/wp-content\/uploads\/2025\/05\/Capture-decran-2025-05-11-a-13.57.18-1-300x231.png 300w, https:\/\/rozoformations.fr\/wp-content\/uploads\/2025\/05\/Capture-decran-2025-05-11-a-13.57.18-1-1024x789.png 1024w, https:\/\/rozoformations.fr\/wp-content\/uploads\/2025\/05\/Capture-decran-2025-05-11-a-13.57.18-1-768x592.png 768w, https:\/\/rozoformations.fr\/wp-content\/uploads\/2025\/05\/Capture-decran-2025-05-11-a-13.57.18-1-600x462.png 600w\" sizes=\"auto, (max-width: 1038px) 100vw, 1038px\" \/><\/figure>\n<\/div><\/div>\n\n\n\n<div class=\"wp-block-column is-vertically-aligned-top is-layout-flow wp-block-column-is-layout-flow\" style=\"flex-basis:66.66%\">\n<div class=\"wp-block-columns is-layout-flex wp-container-core-columns-is-layout-9d6595d7 wp-block-columns-is-layout-flex\">\n<div class=\"wp-block-column is-layout-flow wp-block-column-is-layout-flow\" style=\"flex-basis:100%\">\n<p class=\"has-text-align-center\"><strong><a href=\"https:\/\/rozoformations.fr\/index.php\/formations\/\">Troubles sensitifs et douleurs : apprendre \u00e0 les identifier pour optimiser leur prise en charge<\/a><\/strong><\/p>\n\n\n\n<div class=\"wp-block-columns is-layout-flex wp-container-core-columns-is-layout-9d6595d7 wp-block-columns-is-layout-flex\">\n<div class=\"wp-block-column is-layout-flow wp-block-column-is-layout-flow\" style=\"flex-basis:66.66%\">\n<p>27-28-29 novembre 2025 \u00e0 Grenoble         <strong><mark style=\"background-color:rgba(0, 0, 0, 0)\" class=\"has-inline-color has-luminous-vivid-amber-color\">Prise en charge FIF-PL<\/mark><\/strong><\/p>\n<\/div>\n<\/div>\n<\/div>\n<\/div>\n\n\n\n<p><a href=\"https:\/\/rozoformations.fr\/wp-content\/uploads\/2025\/05\/CV-Kine-2025.pdf\"><strong>Alexandra Perret<\/strong><\/a><\/p>\n\n\n\n<div class=\"wp-block-buttons is-content-justification-center is-layout-flex wp-container-core-buttons-is-layout-16018d1d wp-block-buttons-is-layout-flex\">\n<div class=\"wp-block-button\"><a class=\"wp-block-button__link wp-element-button\" href=\"https:\/\/rozoformations.fr\/index.php\/inscription\/\">Je m&rsquo;inscris<\/a><\/div>\n<\/div>\n<\/div>\n<\/div>\n\n\n\n<hr class=\"wp-block-separator has-alpha-channel-opacity is-style-default\"\/>\n\n\n\n<div class=\"wp-block-columns is-layout-flex wp-container-core-columns-is-layout-9d6595d7 wp-block-columns-is-layout-flex\">\n<div class=\"wp-block-column is-layout-flow wp-block-column-is-layout-flow\" style=\"flex-basis:33.33%\"><div class=\"wp-block-image is-style-default\">\n<figure class=\"aligncenter size-full is-resized\"><img loading=\"lazy\" decoding=\"async\" width=\"349\" height=\"500\" src=\"https:\/\/rozoformations.fr\/wp-content\/uploads\/2022\/06\/Formation00-Redim01.png\" alt=\"\" class=\"wp-image-433\" style=\"aspect-ratio:0.697560975609756;width:206px;height:auto\" srcset=\"https:\/\/rozoformations.fr\/wp-content\/uploads\/2022\/06\/Formation00-Redim01.png 349w, https:\/\/rozoformations.fr\/wp-content\/uploads\/2022\/06\/Formation00-Redim01-209x300.png 209w\" sizes=\"auto, (max-width: 349px) 100vw, 349px\" \/><\/figure>\n<\/div><\/div>\n\n\n\n<div class=\"wp-block-column is-vertically-aligned-top is-layout-flow wp-block-column-is-layout-flow\" style=\"flex-basis:66.66%\">\n<p class=\"has-text-align-center\"><a href=\"https:\/\/rozoformations.fr\/index.php\/formations\/\"><strong>Les troubles neurologiques en musculo-squelettique<\/strong><\/a><\/p>\n\n\n\n<p class=\"has-text-align-left\">janvier 2026 \u00e0 Grenoble<\/p>\n\n\n\n<p><a href=\"https:\/\/rozoformations.fr\/wp-content\/uploads\/2022\/06\/cvbryan2020.pdf\" data-type=\"link\" data-id=\"https:\/\/rozoformations.fr\/wp-content\/uploads\/2022\/06\/cvbryan2020.pdf\">Bryan Littr\u00e9<\/a><\/p>\n\n\n\n<div class=\"wp-block-buttons is-content-justification-center is-layout-flex wp-container-core-buttons-is-layout-16018d1d wp-block-buttons-is-layout-flex\">\n<div class=\"wp-block-button\"><a class=\"wp-block-button__link wp-element-button\" href=\"https:\/\/rozoformations.fr\/index.php\/inscription\/\">Je m&rsquo;inscris<\/a><\/div>\n<\/div>\n<\/div>\n<\/div>\n\n\n\n<hr class=\"wp-block-separator alignwide has-alpha-channel-opacity is-style-default\"\/>\n\n\n\n<div class=\"wp-block-columns has-background is-layout-flex wp-container-core-columns-is-layout-9d6595d7 wp-block-columns-is-layout-flex\" style=\"background-color:#e8e7e7\">\n<div class=\"wp-block-column is-layout-flow wp-block-column-is-layout-flow\" style=\"flex-basis:66.66%\">\n<p class=\"has-text-align-center\"><strong><a href=\"https:\/\/rozoformations.fr\/index.php\/formations\/\">Prise en charge des l\u00e9sions des ischio-jambiers en cabinet<\/a><\/strong><\/p>\n\n\n\n<p><\/p>\n\n\n\n<p><a href=\"https:\/\/rozoformations.fr\/wp-content\/uploads\/2022\/06\/cvbryan2020.pdf\" data-type=\"link\" data-id=\"https:\/\/rozoformations.fr\/wp-content\/uploads\/2022\/06\/cvbryan2020.pdf\">Bryan Littr\u00e9<\/a><\/p>\n\n\n\n<div class=\"wp-block-buttons alignwide is-content-justification-center is-layout-flex wp-container-core-buttons-is-layout-16018d1d wp-block-buttons-is-layout-flex\">\n<div class=\"wp-block-button\"><a class=\"wp-block-button__link wp-element-button\" href=\"https:\/\/rozoformations.fr\/index.php\/inscription\/\">Je m&rsquo;inscris<\/a><\/div>\n<\/div>\n<\/div>\n\n\n\n<div class=\"wp-block-column is-layout-flow wp-block-column-is-layout-flow\" style=\"flex-basis:33.33%\"><div class=\"wp-block-image\">\n<figure class=\"aligncenter size-full is-resized\"><img loading=\"lazy\" decoding=\"async\" width=\"954\" height=\"952\" src=\"https:\/\/rozoformations.fr\/wp-content\/uploads\/2023\/01\/Capture-decran-2023-01-25-a-14.01.17.png\" alt=\"\" class=\"wp-image-667\" style=\"width:215px;height:214px\" srcset=\"https:\/\/rozoformations.fr\/wp-content\/uploads\/2023\/01\/Capture-decran-2023-01-25-a-14.01.17.png 954w, https:\/\/rozoformations.fr\/wp-content\/uploads\/2023\/01\/Capture-decran-2023-01-25-a-14.01.17-300x300.png 300w, https:\/\/rozoformations.fr\/wp-content\/uploads\/2023\/01\/Capture-decran-2023-01-25-a-14.01.17-150x150.png 150w, https:\/\/rozoformations.fr\/wp-content\/uploads\/2023\/01\/Capture-decran-2023-01-25-a-14.01.17-768x766.png 768w, https:\/\/rozoformations.fr\/wp-content\/uploads\/2023\/01\/Capture-decran-2023-01-25-a-14.01.17-600x599.png 600w, https:\/\/rozoformations.fr\/wp-content\/uploads\/2023\/01\/Capture-decran-2023-01-25-a-14.01.17-100x100.png 100w\" sizes=\"auto, (max-width: 954px) 100vw, 954px\" \/><\/figure>\n<\/div><\/div>\n<\/div>\n\n\n\n<div class=\"wp-block-columns is-layout-flex wp-container-core-columns-is-layout-9d6595d7 wp-block-columns-is-layout-flex\">\n<div class=\"wp-block-column is-layout-flow wp-block-column-is-layout-flow\" style=\"flex-basis:100%\"><\/div>\n<\/div>\n","protected":false},"excerpt":{"rendered":"<p>UN PAS DE PLUS VERS L&rsquo;EXPERTISE Bienvenue chez RoZo Formations ! Nous organisons des formations pour aider les professionnels de sant\u00e9 \u00e0 acqu\u00e9rir de nouvelles comp\u00e9tences et \u00e0 rester \u00e0 jour avec les derni\u00e8res avanc\u00e9es dans leur domaine. Leurs contenus valid\u00e9s par la science vont vous permettre de devenir encore plus expert dans votre pratique &hellip;<\/p>\n","protected":false},"author":1,"featured_media":153,"parent":0,"menu_order":0,"comment_status":"closed","ping_status":"closed","template":"page-templates\/page-builder.php","meta":{"footnotes":""},"class_list":["post-295","page","type-page","status-publish","has-post-thumbnail","hentry"],"jetpack_sharing_enabled":true,"_links":{"self":[{"href":"https:\/\/rozoformations.fr\/index.php\/wp-json\/wp\/v2\/pages\/295","targetHints":{"allow":["GET"]}}],"collection":[{"href":"https:\/\/rozoformations.fr\/index.php\/wp-json\/wp\/v2\/pages"}],"about":[{"href":"https:\/\/rozoformations.fr\/index.php\/wp-json\/wp\/v2\/types\/page"}],"author":[{"embeddable":true,"href":"https:\/\/rozoformations.fr\/index.php\/wp-json\/wp\/v2\/users\/1"}],"replies":[{"embeddable":true,"href":"https:\/\/rozoformations.fr\/index.php\/wp-json\/wp\/v2\/comments?post=295"}],"version-history":[{"count":111,"href":"https:\/\/rozoformations.fr\/index.php\/wp-json\/wp\/v2\/pages\/295\/revisions"}],"predecessor-version":[{"id":1352,"href":"https:\/\/rozoformations.fr\/index.php\/wp-json\/wp\/v2\/pages\/295\/revisions\/1352"}],"wp:featuredmedia":[{"embeddable":true,"href":"https:\/\/rozoformations.fr\/index.php\/wp-json\/wp\/v2\/media\/153"}],"wp:attachment":[{"href":"https:\/\/rozoformations.fr\/index.php\/wp-json\/wp\/v2\/media?parent=295"}],"curies":[{"name":"wp","href":"https:\/\/api.w.org\/{rel}","templated":true}]}}